mon divisor of d and h.
9
Suppose 2*o - o + 12 = -3*z, 0 = 5*o + z - 10. Suppose -o*b + 7 - 4 = 0. What is the highest common factor of b and 8?
1
Let x be 2/(-3) + 157*(-1)/3. Let l = x + 69. Calculate the highest common factor of l and 4.
4
Let i = -926 - -1062. Calculate the highest common divisor of i and 85.
17
Let k(d) = d**2 + 14*d - 22. Let h = 4 - 20. Let i be k(h). What is the greatest common factor of i and 15?
5
Let g = -722 + 1018. Suppose 9*a = g + 73. What is the highest common factor of a and 164?
41
Let y(b) = -b - 2. Let h be y(-8). Suppose -10 = 4*j - h*j, -3*j + 183 = 4*g. Calculate the highest common factor of 21 and g.
21
Suppose 3*v + 98 = m, -6*m - 2*v = -3*m - 305. Suppose -13 = -3*o + m. Suppose -y + o = -74. What is the highest common factor of 16 and y?
16
Suppose 4*u - 2*w - 10 = 0, 2*w - 112 = -106. Calculate the greatest common divisor of u and 1028.
4
Let h(u) = -2*u + 3. Let r be h(2). Let q = r + 3. Suppose n + q*n = 189. Calculate the highest common divisor of n and 7.
7
Let y be ((-1122)/(-24))/(2/8). What is the highest common factor of y and 17?
17
Let f = 200 - 121. Suppose -4*l + 155 = -h, -2*l - 2*h = -h - f. What is the highest common divisor of l and 13?
13
Let j be -16*9/(-6) - 7. Suppose 2*p = -p + 561. What is the greatest common divisor of j and p?
17
Suppose z - 2 = -3*v + v, -10 = -5*z + 5*v. What is the highest common divisor of 64 and z?
2
Let z = 47 - 53. Let o(h) = -h**3 - 4*h**2 + 7*h. Let w be o(z). What is the highest common divisor of w and 75?
15
Suppose -25*d + 703 + 647 = 0. Calculate the greatest common factor of 432 and d.
54
Let t = 156 - 75. Suppose 5*u + 15*u = 180. What is the highest common divisor of u and t?
9
Let s be (-399)/(-28) + -14 - 198/(-8). What is the greatest common divisor of s and 10?
5
Suppose 2*z = -2*z + 72. Suppose 3*m - 38 = -5*i + 2, 44 = 5*m - 3*i. Suppose 12*j = m*j + 4. Calculate the greatest common divisor of z and j.
2
Let q = 236 + -239. Let g be -2 + q/((-3)/4). Let z(c) = c - 2. Let w be z(3). What is the greatest common divisor of w and g?
1
Suppose 3*l + 3*n = 27, 4*l + 2*n - 7 = 19. Let i = l + -3. Suppose -4 + i = -3*o. Calculate the highest common factor of 1 and o.
1
Suppose -10*s - 2516 - 2194 = 0. Let v be (s/(-6))/1 + 1/(-2). Calculate the highest common divisor of 52 and v.
26
Let i(h) = -h + 7*h**2 - 3*h + h**3 - h - 6*h. Let d be i(-8). What is the highest common factor of d and 6?
6
Let u(d) = 4*d**2 - 10*d - 78. Let i be u(6). Calculate the greatest common factor of 38 and i.
2
Let r be ((-22)/3 + 4)*(-12)/10. Suppose -k = -2*t - 0*t - 67, r*t = 3*k - 203. Suppose 4*m = 2*m + 92. What is the greatest common divisor of m and k?
23
Let x = -10 + 11. Let t(s) = 15*s**2 - 2. Let r be t(x). What is the greatest common factor of 143 and r?
13
Let b(s) = -8*s - 2. Let g be b(-1). Let t be (0 - -2)/((8/g)/2). Calculate the greatest common factor of 12 and t.
3
Let n(g) = g**2 + 5*g + 8. Let a be (-1)/(-2) - (-33)/(-6). Let l be n(a). Calculate the greatest common divisor of 24 and l.
8
Let y be (-12)/(-1) + 5 + -5. Suppose -5*w + 4*w = -5. Suppose b + 2*b - w = c, -2*c + 5*b - 7 = 0. What is the greatest common factor of y and c?
4
Suppose 2*c - 904 = 5*f + 695, -4*c + 2*f = -3174. What is the highest common divisor of c and 144?
72
Suppose g - 26 - 12 = 0. Suppose r = -2*p + 10, r - 24 = -4*p - 10. What is the greatest common divisor of g and p?
2
Let y = 11 + -1. Suppose -15 = -y*h + 5. What is the highest common divisor of h and 2?
2
Let t be 45/3 - (14 - 7). Calculate the greatest common divisor of t and 9.
1
Let i be 2/4 - ((-20727)/2)/7. Suppose -i = -5*z + d, 2*d + 803 = 2*z + 217. Calculate the greatest common factor of z and 33.
33
Let l(u) be the third derivative of u**5/60 - u**4/24 + 57*u**3 + 2*u**2. Let p be l(0). What is the highest common divisor of p and 38?
38
Let f(o) = 3*o**2 - 2*o + 11. Let u be f(-5). Suppose u = 4*i - 2*i. Calculate the highest common divisor of i and 12.
12
Suppose -66*a + 24 = -63*a. What is the highest common factor of a and 1760?
8
Let i(l) = 37*l**3 - l**2 - 5*l. Let d be i(3). What is the highest common factor of 30 and d?
15
Suppose 0 = 2*x + 3*t - 643, 0 = 4*x - 12*t + 13*t - 1311. What is the highest common divisor of 7 and x?
7
Let s = -110 + 138. What is the greatest common factor of 896 and s?
28
Let l(z) = -38*z + 85. Let g be l(2). What is the highest common divisor of g and 2?
1
Suppose 2*f = 3*s + 69, 2*f + 3*s = 37 + 2. Calculate the greatest common divisor of f and 621.
27
Let r be 13332/15 + 1/5. Suppose 5*h + 3*d = 1479, -3*h - 4*d + r = -3*d. Calculate the greatest common factor of h and 27.
27
Suppose a - 6*a + 40 = 0. Let g = -94 - -96. Let l = g - -6. What is the highest common divisor of l and a?
8
Let j be (-7)/(56/(-4484)) + 3/6. What is the highest common factor of 33 and j?
33
Let w(j) be the second derivative of 68*j**3/3 - 5*j**2 - 3*j. Let x be w(1). What is the highest common factor of x and 18?
18
Suppose -130*i + 137*i = 15260. What is the highest common divisor of 20 and i?
20
Let y be (-2)/6 - (-1088)/24. Suppose -v - y = 4*v. Let t be 3/v + 56/6. Calculate the highest common factor of 54 and t.
9
Let m(i) = i**2 + 10*i + 9. Let r be m(-13). Let f be r/30 + 2/5 + 78. Suppose 0 = 2*a - 3 - 13. Calculate the highest common factor of a and f.
8
Let j(z) = z**2 + 6*z + 5. Let c be 2/3*(380 + -2). Let s be c/(-45) + (-4)/10. Let l be j(s). Calculate the highest common factor of 55 and l.
5
Let m be (40/6)/(38/114). Calculate the highest common factor of m and 180.
20
Suppose -2*x = -3*x - 3. Let l = -12 - x. Let m be 68/12 + 6/l. What is the greatest common divisor of m and 15?
5
Suppose 73 = 3*k + 16. Let x(s) = -s + 99. Let g be x(23). What is the greatest common factor of k and g?
19
Let y = -43 + 57. Calculate the highest common factor of 448 and y.
14
Let v(p) = 9*p**2 - 107*p - 90. Let w be v(16). Calculate the greatest common divisor of 2 and w.
2
Let d(n) = -n + 30. Let l = 58 + -45. Let u be d(l). Calculate the highest common divisor of u and 119.
17
Let s be 1/(-1*(-3)/30). Suppose 4*l - 1140 = 5*o, l - 4*o = 252 + 44. Suppose 3*n = 7*n - l. What is the highest common divisor of n and s?
10
Let v = -189 - -199. Let n be 1*-3*(-30)/9. Let f be 398/v + n/50. Calculate the greatest common factor of 10 and f.
10
Let p(r) = r**2 - 17*r + 3. Let w be p(17). Let x = w + 69. Let j be (4 - (1 - -1))*4. Calculate the highest common divisor of j and x.
8
Let y be -3 + (3 - -35 - -1). Let t = 22 + -18. Suppose 2*m = t*r - 20, 5*r - 2*r = -3*m + 6. What is the greatest common factor of r and y?
4
Let d(v) = 24*v + 1113. Let x be d(-44). Calculate the greatest common factor of 2793 and x.
57
Let d(q) be the second derivative of -q**3/6 + 7*q**2 - 28*q. Let c be d(5). What is the greatest common divisor of 36 and c?
9
Let v = -7 + -33. Let g = v + 62. What is the greatest common divisor of g and 66?
22
Suppose -2*l + z - 42 = 15, 5*z = -5. Let g = 49 + l. Let p = g + -10. What is the highest common factor of p and 15?
5
Let v be (11 - (97 - -16))*22/(-12). Let r be 102/(-9)*(-6)/4. What is the highest common divisor of v and r?
17
Let z be 2206/26 + 2/13. Let c = 38 - z. Let d = c - -117. What is the greatest common divisor of 28 and d?
14
Let b(f) = -f**2 + 11*f + 1. Let g be b(10). Let l = g - 7. Let t = 66 - 34. Calculate the highest common divisor of t and l.
4
Let g(s) = 7*s + 226. Let x be g(-28). Let y be 546/2 - (-1 - 0). Let h be y/6 - (-2)/(-3). Calculate the greatest common divisor of x and h.
15
Suppose -6*w + 64 = 22. Let i be w - (2 - -1) - -35. Calculate the highest common factor of 13 and i.
13
Let h(a) = 209*a**2 + 3*a - 2. Let x = 60 - 59. Let n be h(x). Calculate the greatest common divisor of n and 35.
35
Let o = 50 - 35. Suppose 4*c + 7 - o = 0. Suppose k - 4*k - h = -20, -4*h = -5*k + 56. What is the highest common factor of c and k?
2
Let q = -50 + 29. Let u = q - -23. What is the greatest common factor of 2 and u?
2
Let i(k) be the second derivative of k**5/20 + k**4/2 + 15*k**2/2 + 15*k. Let f be i(-6). What is the highest common divisor of f and 165?
15
Suppose -8*k + 518 = -k. Calculate the highest common factor of k and 592.
74
Suppose y = -3*d 